nd 629?
37
Calculate the greatest common divisor of 95 and 411335009.
19
What is the greatest common factor of 217320 and 33555?
15
What is the greatest common factor of 11200 and 2805824?
448
Calculate the highest common divisor of 60 and 2075676.
12
What is the highest common factor of 27282 and 41427?
3
Calculate the highest common factor of 123827749 and 533.
41
Calculate the greatest common factor of 6748 and 168952.
28
Calculate the highest common divisor of 6891028 and 12726.
202
Calculate the highest common divisor of 28712725 and 511.
73
Calculate the highest common factor of 2037 and 19160313.
291
Calculate the greatest common factor of 127645571 and 3604.
901
What is the highest common factor of 2 and 485028298?
2
What is the highest common factor of 187 and 3393353?
17
Calculate the highest common factor of 93116610 and 7008.
438
What is the greatest common divisor of 18729408 and 192?
192
Calculate the greatest common factor of 86324442 and 6.
6
What is the highest common divisor of 1263 and 87479169?
1263
What is the highest common factor of 1822655 and 1174445?
3485
Calculate the highest common factor of 5 and 18081873.
1
What is the highest common divisor of 620239373 and 7514?
3757
What is the greatest common factor of 284 and 25727986?
142
What is the greatest common factor of 59635198 and 329?
329
What is the highest common factor of 58192610 and 90?
10
What is the highest common factor of 2588 and 51283808?
2588
Calculate the greatest common factor of 1175520360 and 24120.
8040
What is the highest common factor of 24 and 11112150?
6
Calculate the greatest common factor of 67069 and 617891.
1427
What is the highest common factor of 174128 and 912?
16
Calculate the highest common factor of 459 and 1868011.
17
Calculate the greatest common divisor of 2601 and 791622.
153
Calculate the highest common divisor of 992684019 and 10119.
10119
Calculate the highest common divisor of 747 and 365733.
9
What is the highest common factor of 42 and 290926902?
42
What is the highest common divisor of 86 and 844867784?
86
Calculate the highest common factor of 203188 and 631684.
316
Calculate the greatest common factor of 27035 and 145848418.
5407
What is the greatest common divisor of 768896 and 1408?
128
Calculate the greatest common divisor of 1406053 and 34.
17
What is the greatest common factor of 53044915 and 200970?
11165
What is the highest common factor of 118 and 47737608?
118
Calculate the greatest common factor of 31145256 and 456.
456
Calculate the greatest common factor of 14 and 18605573.
7
What is the greatest common factor of 3158610 and 103863?
267
Calculate the greatest common divisor of 1644441569 and 4097.
4097
What is the greatest common divisor of 21071961 and 1971?
1971
What is the greatest common factor of 255395 and 8771?
7
Calculate the greatest common divisor of 15945424 and 4752.
176
Calculate the highest common factor of 25599 and 552000.
69
What is the greatest common factor of 5337960 and 4980?
60
What is the greatest common divisor of 141102169 and 39?
13
Calculate the greatest common divisor of 80 and 107398480.
80
What is the highest common factor of 33412806 and 2107?
2107
What is the greatest common divisor of 9645015 and 20955?
1905
Calculate the highest common divisor of 3843 and 3900602727.
3843
Calculate the greatest common factor of 615 and 737952030.
615
Calculate the greatest common divisor of 120 and 364793330.
10
Calculate the greatest common divisor of 179729984 and 7616.
7616
What is the highest common divisor of 29595870 and 3576?
894
What is the highest common divisor of 1215789 and 492929?
769
What is the greatest common divisor of 3052 and 32918?
218
Calculate the highest common factor of 30528 and 21008988.
1908
What is the highest common factor of 5371 and 56910199?
131
Calculate the greatest common factor of 4040 and 1159360.
40
What is the highest common factor of 13936511 and 3592?
449
What is the greatest common divisor of 5468983 and 4121?
13
What is the highest common divisor of 60784548 and 22?
22
What is the greatest common factor of 2795 and 17721418?
559
What is the greatest common factor of 140945 and 1855?
35
Calculate the greatest common divisor of 9399 and 89427.
39
Calculate the greatest common factor of 176 and 2688895.
11
Calculate the greatest common divisor of 528 and 3442406.
22
What is the highest common factor of 148405 and 59965?
335
What is the greatest common divisor of 3608079 and 69?
69
What is the highest common divisor of 382543 and 301?
7
What is the greatest common factor of 14485 and 365?
5
What is the greatest common divisor of 48 and 9333972?
12
What is the greatest common factor of 4976 and 405150896?
4976
Calculate the highest common factor of 19767339 and 4656.
291
What is the highest common divisor of 201706576 and 8?
8
Calculate the greatest common divisor of 2454711 and 574.
287
Calculate the greatest common divisor of 52019914 and 8630.
1726
What is the greatest common factor of 452943512 and 224?
56
What is the greatest common factor of 160 and 29668640?
160
Calculate the highest common factor of 454 and 82190117.
227
Calculate the highest common divisor of 2335935462 and 2226.
2226
What is the greatest common divisor of 572069289 and 423?
141
What is the highest common factor of 28 and 687988?
28
What is the greatest common factor of 141750192 and 4?
4
Calculate the highest common factor of 78675 and 117825.
75
Calculate the greatest common factor of 3351026 and 143168.
4474
Calculate the highest common divisor of 100 and 46057825.
25
Calculate the greatest common divisor of 91451 and 1848317.
839
What is the highest common divisor of 745 and 46448515?
745
What is the greatest common divisor of 569872449 and 27?
27
What is the highest common factor of 20041 and 271019?
49
What is the highest common divisor of 1494 and 7088283?
747
What is the greatest common factor of 17080 and 42023205?
2135
What is the highest common factor of 30012381 and 3591?
1197
What is the highest common factor of 307485097 and 139?
139
What is the highest common factor of 234154 and 6622582?
4418
Calculate the highest common divisor of 28332639 and 3996.
999
What is the greatest common divisor of 2013 and 176616?
33
Calculate the highest common factor of 338230 and 124415.
745
What is the greatest common divisor of 5491100 and 400?
100
What is the greatest common divisor of 81 and 930057?
3
Calculate the highest common divisor of 15 and 3883915.
5
Calculate the highest common divisor of 2502143 and 100244.
1319
What is the highest common factor of 748129 and 1192?
149
Calculate the highest common divisor of 5228 and 9763290.
2614
What is the highest common divisor of 10667563 and 8468?
2117
Calculate the greatest common factor of 31515 and 4230435.
165
What is the highest common divisor of 324267069 and 938?
469
What is the greatest common divisor of 163823 and 848?
53
What is the greatest common factor of 242 and 41746859?
11
Calculate the highest common factor of 32450 and 215350.
2950
What is the highest common factor of 8151292 and 230?
46
Calculate the highest common factor of 755781 and 21957.
39
Calculate the highest common factor of 128881 and 38054.
359
What is the greatest common divisor of 75 and 38553825?
75
What is the highest common factor of 688 and 25933816?
344
What is the greatest common divisor of 156276 and 7773284?
5788
Calculate the highest common divisor of 3233 and 530053.
53
What is the greatest common divisor of 176 and 1137792744?
88
What is the greatest common divisor of 2933700 and 2450?
350
What is the greatest common divisor of 78 and 32895902?
26
What is the greatest common factor of 1934 and 825920502?
1934
What is the highest common divisor of 246331626 and 522?
174
Calculate the highest common divisor of 14690 and 38545.
65
What is the highest common divisor of 3204 and 547020?
36
Calculate the highest common divisor of 133 and 14511212.
19
Calculate the greatest common factor of 20261942 and 11058.
3686
What is the greatest common divisor of 18391832 and 632?
632
What is the highest common divisor of 784 and 20642384?
112
What is the highest common divisor of 15260291 and 1991?
181
Calculate the highest common factor of 17811101 